on divisor of 175 and g?
7
Let m be 49/2 + (-9)/(-6) + -2. What is the greatest common divisor of 192 and m?
24
Suppose 2*p + 2*n + 45 - 135 = 0, 0 = -3*p - 5*n + 137. What is the highest common divisor of p and 8?
4
Let b = -8 - -4. Let n be ((-9)/4)/((-1)/b). Let v(z) = z**2 + 9*z + 12. Let t be v(n). What is the highest common factor of t and 3?
3
Suppose 4*x - 276 = -4*y, -x + 178 = 5*y - 155. What is the greatest common factor of y and 99?
33
Let t(d) = -116*d**3 - 3*d**2 + 3*d + 5. Let q be t(-1). What is the highest common factor of 5 and q?
5
Let h = -43 - -60. What is the highest common factor of 17 and h?
17
Let d be (0/3)/(-2 - 0). Suppose d = k - 2*k. Suppose 3*r - 5*c - 3 = k, 0*r + 5*r = -5*c + 5. What is the highest common divisor of 5 and r?
1
Suppose 3*i + 2*l - 6*l = 4, -4*i - 5*l = 5. Suppose -4*r + 2*y + 18 = i, -y = 4 + 1. Let m be (r + -5 - -21)/1. What is the greatest common factor of 12 and m?
6
Suppose 3*c + 34 = 247. What is the highest common divisor of 1136 and c?
71
Suppose 31*u = 24*u + 371. Calculate the greatest common divisor of u and 265.
53
Let i be (-69 - -9)/6 - -54. Suppose -20 = -4*h, -t - 2*h + 6 = -3*h. Calculate the greatest common factor of i and t.
11
Suppose -15 = -b - 24. Let i be 534/1 + 7 + b. Suppose -788 = -5*c + 5*w - 118, -i = -4*c + 2*w. Calculate the highest common divisor of 12 and c.
12
Let w(r) be the second derivative of -5*r**3/3 + 10*r**2 - 21*r. Let j be w(-7). What is the highest common divisor of j and 10?
10
Suppose -r - 56 = -2*r + 36. Let v be (1/(-2))/((-1)/138). Calculate the greatest common factor of r and v.
23
Let i = 169 - 166. What is the highest common factor of 6 and i?
3
Let u be (-33)/(-55) - 13071/(-15). Calculate the highest common factor of u and 109.
109
Let j = 0 - 55. Let q = j + 119. Let b = 11 - 3. Calculate the highest common factor of q and b.
8
Suppose 5005 = 143*f - 130*f. Calculate the greatest common factor of 22 and f.
11
Suppose -5 - 11 = 4*b. Let c be b/6 + 444/18. Suppose 0 = -2*q - 2*q + c. What is the greatest common factor of q and 4?
2
Suppose -4*p + 5*v = -260, -130 = -2*p - v + 2*v. Calculate the highest common divisor of p and 5.
5
Suppose -10*i + 276 + 194 = 0. What is the greatest common divisor of 235 and i?
47
Let g be 4 - ((-4)/(-28) + (-306)/(-14)). Let y = g - -50. Let t(d) = 17*d - 6. Let i be t(6). Calculate the greatest common divisor of i and y.
32
Suppose x + 1 = 0, -35*x = -3*u - 40*x + 31. What is the greatest common divisor of 240 and u?
12
Let d be (80/32)/((-2)/(-28)). Let c(o) be the third derivative of -o**4/4 - 2*o**3/3 + 3*o**2. Let w be c(-3). What is the highest common divisor of d and w?
7
Suppose -23*m - 17*m = -40. Let z be 1/3 - 128/(-12). What is the greatest common divisor of z and m?
1
Suppose -12*t + 404 = -8*t. What is the greatest common divisor of 1 and t?
1
Suppose 3 = y - 55. Let x be (2 - 3) + (y - (0 + -3)). Calculate the highest common factor of x and 20.
20
Let x(l) be the first derivative of 5/2*l**2 - 1 - 5*l. Let g be x(4). Calculate the highest common divisor of 3 and g.
3
Let t = -1 + 1. Let i(k) = -8*k + 59. Let m(p) = -4*p + 30. Let a(v) = 3*i(v) - 5*m(v). Let q be a(t). Calculate the highest common divisor of 54 and q.
27
Let h be -1*(1 - (-1 - -1)). Let z be (h*16)/((-4)/26). Let v(a) = -2*a**3 - 2*a**2 - 2*a + 1. Let m be v(-2). Calculate the highest common divisor of m and z.
13
Suppose -2*u - 3 - 7 = 0. Let o be (-2)/(-1) - (u - -7). Let k be 2*((-38)/(-4) + o). What is the highest common factor of k and 19?
19
Suppose 60*q + 175 = 65*q. What is the highest common factor of q and 77?
7
Let l(n) = 2*n + 19. Let q be l(-7). Let z(w) = 7*w + 5. Let i be z(q). Calculate the highest common divisor of i and 60.
20
Suppose -15 = -3*o - 3*a, 4*o - 7*a + 6*a = 25. Let t be (-10)/((-35)/(-15) - 3). What is the greatest common divisor of o and t?
3
Let y = 40 + -28. Let o = 21 + y. Suppose 4*g = 2*r - 14, 4*r - 3*g = -g + 16. Calculate the highest common factor of r and o.
3
Suppose -129 = -3*a - 2*r, 4*a - 9*r + 4*r = 149. What is the highest common factor of a and 533?
41
Suppose 0 = -z + 5*v + 14 + 20, z + 5*v = -16. Suppose 0*r = -5*r + 20. Suppose 7*s - 216 = r*s. What is the highest common factor of z and s?
9
Let h(o) = -o**3 - o**2 + 10*o - 8. Let m be h(1). Let k(f) = 25*f. Let x be k(1). Suppose -2*q - 3*q + x = m. What is the greatest common divisor of 5 and q?
5
Suppose 3*a - 2*a = -4*n + 292, 0 = 2*a + 3*n - 569. Suppose 5*m = -3*p + 312, -5*m + 0*m + 5*p + a = 0. What is the greatest common divisor of m and 20?
20
Suppose -2*h + 284 = 7*j - 3*j, 0 = h + 3*j - 143. Calculate the highest common factor of 60 and h.
20
Let w(r) = -2*r + 24. Let s be w(10). Suppose -5 - 7 = -s*o, 3*o - 31 = -2*g. Calculate the highest common divisor of g and 99.
11
Suppose -13*k + 1000 = -33463. Calculate the greatest common divisor of k and 11.
11
Let h(a) = 18*a**2 - 18 - 26*a**2 + 22*a + a**3 + 23*a**2. Let z be h(-12). What is the greatest common divisor of z and 50?
50
Let i(z) = z**2 + 20*z + 11. Let g be i(-20). Let t(w) = 51*w - 3. Let x be t(2). Calculate the highest common factor of x and g.
11
Let s(y) = 7*y**2 - 8*y + 67. Let v be s(7). What is the highest common factor of v and 6?
6
Let c be 2*4/48 - 2519/(-6). Calculate the highest common factor of c and 12.
12
Suppose 92 = u + 3*y, 388 = 9*u - 4*u - 3*y. Let h = 40 - 8. Calculate the highest common factor of u and h.
16
Suppose 0*v + 4*v = 140. Suppose -b + 1 = 11. Let u = b - -17. What is the highest common factor of v and u?
7
Let y be -2 - 5 - (-23 - (-3 + -4)). What is the highest common factor of 873 and y?
9
Let v = 3831 - 3830. Let g be (1 + 0)*(0 + 1). Calculate the highest common divisor of v and g.
1
Suppose -4*q + 18 = 6. Let c be 1/q - 699/(-9). Let u be (-408)/(-16) + 2/4. What is the highest common factor of u and c?
26
Let g = 40 - -92. Let i = -118 + g. Calculate the greatest common factor of 21 and i.
7
Let w be -3 - (1 + 2)*-1. Suppose w = -2*n + 12 + 14. Suppose -i - n = -2*i. What is the highest common factor of i and 65?
13
Suppose 0 = -w + 9*a - 11*a + 6, 2*w = 5*a + 12. Suppose -3*q + 99 = w*q. Calculate the greatest common factor of 55 and q.
11
Let i(m) = m**2 - 2*m - 2*m**2 - m - 2*m + 6. Let n be i(-5). Let d(t) = 2*t**2 - t + 9. Let u be d(n). Calculate the highest common divisor of 15 and u.
15
Suppose -p + 13 = f, 46 = 2*f - 32*p + 30*p. What is the highest common divisor of f and 738?
18
Suppose -14*p + 827 + 13 = 0. Calculate the highest common divisor of 96 and p.
12
Let d(p) = p**3 - 20*p**2 + 22*p - 48. Let k be d(20). Calculate the highest common divisor of k and 294.
98
Let x(l) = 152*l - 110. Let w be x(1). Let t(y) = y + 14. Let f be t(0). Calculate the highest common factor of w and f.
14
Let n be (-14)/(-56) - 179/(-4). Suppose -u - s - 7 = -0*s, 5*u + 3*s + n = 0. Let m be (4/u)/(2/(-450)). What is the greatest common factor of m and 15?
15
Suppose -44 = 2*c - 6*c. Suppose -5*t = -5*k - t + 452, 4*k - 3*t = 361. Calculate the highest common factor of c and k.
11
Let g = -6 - 36. Let o be (-12)/g + (-1004)/(-14). What is the greatest common factor of o and 108?
36
Suppose 176 = 23*j - 8. Calculate the highest common factor of j and 68.
4
Let p = 378 + -376. Calculate the highest common factor of p and 50.
2
Let c be (-8)/(-6) + (-320)/(-12). Suppose v - c = -3*v. Let o = 49 + 0. What is the highest common divisor of v and o?
7
Suppose -13*v + 80 = 3*v. Suppose 5*x - 191 = -2*s + 72, -695 = -v*s - 5*x. What is the highest common factor of 96 and s?
48
Suppose 2*s + 2096 = 3*z, 39*z - 2794 = 35*z + 3*s. Calculate the highest common divisor of z and 200.
100
Let d(o) = 4*o**2 + 2*o + 1. Let i be d(-1). Suppose 3*v + 3*w - 6*w - 276 = 0, -i*v + 2*w + 274 = 0. Calculate the greatest common divisor of v and 10.
10
Let p be (-12 + 9)*(-250)/6. Calculate the highest common factor of 425 and p.
25
Let j = 328 + 192. Calculate the greatest common factor of j and 40.
40
Let w(s) be the first derivative of 3*s**2/2 + 20*s - 5. Suppose -3*k = -8*k. Let v be w(k). What is the highest common factor of 80 and v?
20
Let u(a) = 9 + 2*a - 3*a - 2*a. Let k be u(-5). What is the highest common factor of 216 and k?
24
Let 